 - -1 - 8.
0
Calculate -4 - -7 - 7 - (-10 + 12).
-6
(5 - (1 + (-1 - -2))) + 2
5
What is (2 - 10 - (6 - 8)) + 11?
5
Evaluate 13 - 5 - 5 - (-2 - -2).
3
-7 - -2 - (-7 - -6)
-4
What is the value of 5 + 11 + -7 + 3 + -6?
6
Evaluate 0 - (-4 - (-1 - 2)) - 0.
1
Calculate 7 + -5 + 5 + -6 - -1.
2
What is 2 + (-9 - -5) + -3?
-5
(1 - 3) + (6 - (2 + -2))
4
Evaluate -13 + 2 + 13 + -10.
-8
Evaluate 16 + -14 + (1 - 2 - 1).
0
What is 2 + 7 + -2 + -4 + -1?
2
What is the value of 1 + 1 + -3 + 0?
-1
What is (3 - 4 - 12) + 25 + -18?
-6
Evaluate 5 + (3 - 6) - 3.
-1
Calculate (-2 - (-6 - -2)) + (5 - 8).
-1
(12 - (-8 + 10)) + -2
8
(0 - -1) + (-1 - -1)
1
3 - (-6 + (-1 - -8))
2
Calculate -3 - (-3 - 2 - -6).
-4
(-3 - -8) + -1 + -1
3
Calculate -3 + 2 - (2 - (8 - 5)).
0
What is the value of -2 + (-1 - 0) - (-26 - -19)?
4
Calculate -11 - -12 - (-3 - -5).
-1
Calculate 7 - (5 + (3 - -2)).
-3
0 - (6 + -2 - 9)
5
What is -1 - 2 - (-1 + (-7 - -11))?
-6
Evaluate -1 + (3 - 3) - (0 - -3).
-4
What is 13 + -12 - (1 + -2)?
2
What is the value of (-1 - (6 + -16)) + (-2 - -1)?
8
(-4 - -4) + 6 + -2 - 2
2
Evaluate -4 - (3 + -3 - 2).
-2
Calculate -5 + 5 - (0 + -2).
2
Calculate -9 + -2 + 78 + -76.
-9
What is the value of ((-7 - -13) + -2 - 8) + -4?
-8
What is the value of 2 + (0 - 3) + -4 - -1?
-4
Evaluate 1 + 5 + (0 - (-3 + 6)).
3
What is the value of -1 - (1 - (2 + (9 - 6)))?
3
Evaluate -8 + 4 + 1 + 4.
1
What is the value of (-4 - (-6 - -3)) + 1?
0
What is -9 + 1 - (-30 + 21 - -2)?
-1
Evaluate -4 - ((-5 - 2) + 4).
-1
Calculate (-4 - -4) + -1 - -4.
3
-2 + -1 + (2 - 4) + 0
-5
What is 2 - -1 - (1 + -8 + 7)?
3
What is 4 + -10 + 9 + -5?
-2
What is 1 + 4 - (3 - -3)?
-1
What is 5 + -2 + -2 + 0 + 1?
2
What is the value of -4 + 1 + (2 - -2)?
1
What is 0 - (43 + -48 + (0 - -6))?
-1
Evaluate 7 + -7 - (0 - 0).
0
Calculate 2 + (2 - (7 + -2 + 0)).
-1
Calculate -17 + 22 + -2 + 1 + 0.
4
Calculate (0 + 2 - -5) + -5 - 5.
-3
What is the value of 2 + (-1 - 6 - -6)?
1
Evaluate (-12 - -5) + 9 + 3.
5
What is the value of 10 + -10 - 2 - (-3 + 0)?
1
Calculate (-4 - -6 - -2) + -4.
0
5 + -12 + 4 + 0 + 12
9
What is the value of -2 + 11 + -3 - 5?
1
Evaluate (-8 - -12) + -1 + -1.
2
(-2 - -9) + -12 + 9
4
What is -2 + -3 + (0 - -7) + -3?
-1
What is the value of 5 + (-1 - (3 - 1))?
2
Calculate 6 - (4 - (-1 + -6)).
-5
Calculate -4 + (-6 - -5 - 0).
-5
(1 - -3) + 16 + -20
0
Calculate 3 - 3 - 1 - (-15 + 10).
4
-7 + 7 + -3 - -6
3
Calculate (2 - (-1 - -1) - 2) + -2.
-2
Calculate (19 - 22) + (2 - 0) + 3.
2
What is the value of -6 - -4 - -12 - 4?
6
What is (9 - 5) + 8 - (3 - -2)?
7
Evaluate -2 + (2 + -5 - 0).
-5
Evaluate (-1 - -2) + (-20 - -15).
-4
What is the value of -3 + 3 + -2 - 0 - 6?
-8
What is the value of 10 + -4 + -11 + 0?
-5
0 + 6 - (11 + -4 + 3)
-4
6 + (-4 - -8 - (11 + 2))
-3
What is -1 + 3 + (0 - -2)?
4
What is -4 + (4 - (-1 + 6))?
-5
(6 - (4 - 5 - -5)) + -1
1
What is the value of 5 - (2 - -1) - (6 - 12)?
8
-6 + 0 + (4 - 2)
-4
What is (-1 - 0) + (-7 - (-5 - 6))?
3
What is (6 - 2) + -2 - 6?
-4
1 - (-6 + (-4 - -7))
4
Calculate 7 + -6 + (14 - 11).
4
What is -8 + 3 + (-8 - -7)?
-6
Calculate (2 - 0) + 85 + -83.
4
What is -1 + 2 + -6 + (-9 - -9)?
-5
(1 - -1) + (1 - -2)
5
What is the value of 11 + -4 + (1 - (4 - 3))?
7
Calculate 12 + -6 + (-2 - -2) + -4.
2
What is 0 + 3 - (-3 + 1)?
5
(2 + 0 - -4) + -8 - 4
-6
1 - (-3 - (5 + -4))
5
1 + -1 - -6 - (-1 - -3)
4
Calculate 0 + -2 - -3 - 2 - 3.
-4
Evaluate (-1 - 1) + 17 + -13.
2
(-1 + -2 - 2) + 4
-1
What is the value of 7 - (7 - 11 - -7)?
4
Evaluate 2 + -3 + -5 + 3 + 1.
-2
What is the value of -10 - ((-4 - -6) + -10 + 5)?
-7
What is (-2 - 1 - -2) + 5?
4
Calculate -1 + (4 - 1) + (-6 - -7).
3
2 + -4 - (34 - 33)
-3
What is -6 + (-1 - (11 + -27))?
9
Evaluate -1 + 2 + 2 + 1 + 1.
5
What is ((3 - 4) + -3 - -6) + 3?
5
Calculate -10 + (14 - 25) + 13.
-8
Evaluate -1 + 2 + (-46 - -45).
0
What is (2 - 1) + 5 + -6 + 0?
0
What is 0 - -12 - (18 + -10)?
4
What is -1 + 11 - (2 - 3 - -1)?
10
What is -9 - (0 + 4 + (-41 - -38))?
-10
-2 + -16 + -2 + 13
-7
What is the value of 8 - (0 - (-7 - (-5 - -2)))?
4
Calculate -2 + 8 + 1 + -8.
-1
Calculate (5 - -1) + -37 + 36.
5
Evaluate 0 + 0 - (-4 + (8 - 1)).
-3
Evaluate (-6 - -1) + (-14 - (-3 + -11)).
-5
Evaluate 5 + -5 - 4 - 0.
-4
What is -6 - ((-1 - 2) + 0) - 2?
-5
2 + (-4 - -1) + -4
-5
Evaluate -3 + (1 - 2) - -5.
1
Evaluate 0 + -7 + 6 + 0.
-1
What is 1 + -1 - ((-5 - -5) + -2)?
2
What is (-4 - -6) + -6 + 7?
3
Evaluate 1 - (8 - 8) - 1.
0
Calculate -1 - (11 - (-3 + 10)).
-5
2 + (-10 + 8 - 5)
-5
What is the value of -3 + 3 - (-3 - -8 - 10)?
5
Evaluate 6 + 2 + -1 + -5 - 3.
-1
What is the value of -4 + (4 - 8) + 17?
9
2 - -2 - (-10 + 5 - -14)
-5
Calculate 18 - 13 - (0 - -2).
3
Calculate (5 - -4 - -5) + -8.
6
Evaluate 0 - 0 - ((3 - 4) + 1).
0
Calculate 4 + -15 + -3 + 1 + 6.
-7
What is the value of 3 - (13 + -4) - 1 - 0?
-7
(-16 - (-7 + 0)) + 4
-5
Evaluate -12 - (-1 + (-6 - -2)).
-7
-1 - 0 - (6 + -4 - 8)
5
3 - (-1 + (-3 - (-4 - -1)))
4
What is the value of (1 - (5 - 1)) + (-2 - -10)?
5
Calculate -19 + 4 + 17 + -6.
-4
Evaluate (-4 - -3) + -1 - -1.
-1
(7 - 4) + -6 + 7
4
What is the value of -10 + 2 - (-11 + 5 - -4)?
-6
Evaluate (4 + -2 - 3) + 3 + 3.
5
0 - ((-5 - -16) + (-3 - 0))
-8
5 - (9 - 4 - 3)
3
Evaluate (5 - 5) + -1 - -4.
3
What is the value of 4 + 2 + -4 - 1?
1
Evaluate 4 + -1 + -8 + 10.
5
What is -7 + 0 + 6 + -3?
-4
What is the value of 2 - 7 - (1 - (2 + 0))?
-4
Evaluate -2 - -2 - (15 - 20).
5
What is 1 - 5 - (-1 - -2)?
-5
Evaluate 3 - (0 + 2 - -1).
0
What is the value of (9 - (10 - 5)) + (6 - 5)?
5
What is the value of -2 - (10 + -6) - (-1 + -1)?
-4
Evaluate 35 + -24 - (12 + 0).
-1
Evaluate -2 + (1 - -2 - -3) + -1.
3
What is the value of -3 + (-6 + 9 - (-1 + 2))?
-1
1 + (-6 + (4 - 2) - -1)
-2
Evaluate 1 + (2 - 8) + -3.
-8
Evaluate (4 - 5) + -2 - (-2 + -3).
2
What is -7 - (22 - 18 - (1 + 7))?
-3
-2 - (0 - (3 - 1 - 2))
-2
What is (0 - 2) + -16 + 23?
5
What is 0 + -3 + 5 + 1 + -8?
-5
What is 10 + (-13 - (-12 - -6))?
3
Calculate (-6 - 2) + 3 - -1.
-4
What is 7 + -2 + 0 + (23 - 33)?
-5
Evaluate 0 + -3 + -117 + 123.
3
Calculate (-1 - -6) + 4 + -8 + 1.
2
Evaluate 4 + (-11 - -4) + 1.
-2
What is 18 + -14 + 5 - (0 - -2)?
7
(0 - -8) + 3 + -5 + -1
5
What is -5 + -2 + 1 - -3?
-3
Calculate (4 - 2) + -8 - (2 - 9).
1
Calculate ((-2 - -5) + -10 - -6) + 1.
0
What is the value of 6 - (-3 + 5 + 8)?
-4
What is -2 + (12 - 5) - 7?
-2
Evaluate 1 - (-1 + 0 + 1 + -4).
5
What is 6 + -6 + -8 + (-1 - -4)?
-5
Evaluate 11 + -1 - (18 - 13) - 12.
-7
Evaluate 4 + (-3 - -4) + (-27 - -18).
-4
1 + 1 + (-16 - -10)
-4
Evaluate -4 + -2 - (16 + -25).
3
Calculate 0 + 4 + -6 + 2.
0
(8 - 11 - (3 - 1)) + 3
-2
What is 2 + -4 + 4 - 0?
2
Calculate (1 - 0) + 1 + 8 + -4.
6
What is (9 - -4) + (-7 - (3 - 3))?
6
What is (5 - 0) + -1 + 1?
5
What is -3 + 2 - (-2 - -1)?
0
Calculate (-2 - -6) + -4 + 1.
1
26 - 24 - (-3 + 1)
4
What is 4 + (-6 - 1 - -5)?
2
What is 2 + 0 + -2 + -12 + 14?
2
What is 1 - (6 - 2) - 2?
-5
Evaluate (5 - 4 - -1) + 0 + 2.
4
Calculate (-2 - -7) + (1 - 4) + -5.
-3
What is 1 + (-1 - (1 + 0)) + -5?
-6
Evaluate -5 + (0 - -3) + 2 + 5.
5
Evaluate (4 - 2) + -5 + 2 + 1.
0
Evaluate (-7 - -6) + 8 + 1.
8
(1 - 1 - (6 - 8)) + -2
0
Calculate 1 - (-14 + (-7 - (-17 - -3))).
8
Evaluate 4 - ((4 - 1) + -2).
3
-9 + (12 - (0 + (-3 - -8)))
-2
Evaluate -4 + 0 + 4 + -5 - -3.
-2
What is the value of -5 - (0 - 2 - 1)?
-2
What is the value of -3 + (4 - (8 - -1))?
-8
14 - 14 - 3 - (-11 - -3)
5
What is the value of 1 + -8 - (97 + -105)?
1
(-2 - 5) + -4 + (9 - 1)
-3
(0 - (2 - 5)) + -2
1
What is the value of (31 + -29 - (1 + 0)) + 0?
1
Evaluate (8 - 0) + 2 + (-12 - -8).
6
Evaluate (1 - -12) + (-7 - -2) - 15.
-7
Calculate (0 - (-3 - (4 + -10))) + 6.
3
What is the value of 2 - (3 - (-1 + 3 - 2))?
-1
0 - 7 - (-3 - 1)
-3
Calculate 0 + -1 + -8 + 2 + 1.
-6
-7 + 6 + -5 + (2 - 0)
-4
What is 2 - (21 + -15 - (-2 - -7))?
1
5 - ((-1 - 2) + 7 + 10)
-9
Evaluate 0 - -4 - 3 - -3.
4
What is -13 + 11 - (6 - 14)?
6
Calculate -5 - (4 + -5 - 11).
7
Evaluate 4 + (-6 - 3) + 0.
-5
Calculate (0 + -7 - 3) + 8.
-2
What is -5 + (3 - -1) + 0 + -2?
-3
What is the value of 0 + -2 - (-15 + (15 - 8))?
6
Calculate 1 + (1 - (4 - 1)).
-1
What is the value of (4 - -1 - 10) + 5?
0
What is 2 - 0 - (1 + -2 + -2)?
5
What is the value of 0 - (2 + (-2 - -2))?
-2
W